{"id":424,"date":"2020-03-04T08:28:42","date_gmt":"2020-03-04T07:28:42","guid":{"rendered":"http:\/\/www.printempsdesfragilites.com\/?page_id=424"},"modified":"2022-06-18T18:02:09","modified_gmt":"2022-06-18T16:02:09","slug":"le-village2021","status":"publish","type":"page","link":"https:\/\/www.printempsdesfragilites.com\/index.php\/le-village2021\/","title":{"rendered":"Le Village des Fragilit\u00e9s"},"content":{"rendered":"\n<h2 class=\"wp-block-heading\"><strong><strong>\u00ab&nbsp;Lorsque nos fragilit\u00e9s deviennent nos forces\u2026 notre chance pour l\u2019Humanit\u00e9&nbsp;!&nbsp;\u00bb &nbsp;<\/strong><\/strong><\/h2>\n\n\n\n<figure class=\"wp-block-image size-large is-resized\"><img loading=\"lazy\" decoding=\"async\" src=\"http:\/\/www.printempsdesfragilites.com\/wp-content\/uploads\/2021\/06\/Capture-de\u0301cran-2021-06-06-a\u0300-19.22.39.png\" alt=\"\" class=\"wp-image-2432\" width=\"537\" height=\"417\" srcset=\"https:\/\/www.printempsdesfragilites.com\/wp-content\/uploads\/2021\/06\/Capture-de\u0301cran-2021-06-06-a\u0300-19.22.39.png 664w, https:\/\/www.printempsdesfragilites.com\/wp-content\/uploads\/2021\/06\/Capture-de\u0301cran-2021-06-06-a\u0300-19.22.39-300x233.png 300w\" sizes=\"auto, (max-width: 537px) 100vw, 537px\" \/><\/figure>\n\n\n\n<p class=\"has-medium-font-size\"><strong><strong>Bienvenue au \u00ab&nbsp;VILLAGE DES FRAGILITES&nbsp;\u00bb, village \u00e9ph\u00e9m\u00e8re, mont\u00e9 le temps d\u2019une journ\u00e9e festive sur le Parc des Machines de l\u2019\u00eele, de 11h \u00e0 22h, le 3 juillet 2021, en cl\u00f4ture du Printemps des Fragilit\u00e9s, le festival \u00ab&nbsp;Force \u2013 Aimant Humain&nbsp;!&nbsp;\u00bb<\/strong> <\/strong><\/p>\n\n\n\n<p class=\"has-medium-font-size\">Gr\u00e2ce \u00e0 l\u2019incroyable \u00e9nergie des soixante-six associations du \u00ab&nbsp;Collectif Fragilit\u00e9s \u2013 Partage&nbsp;\u00bb, dans les all\u00e9es du \u00ab&nbsp;Village des Fragilit\u00e9s&nbsp;\u00bb de nouvelles forces se font jour : \u00ab&nbsp;Ecoute et partage&nbsp;\u00bb, \u00ab&nbsp;Inclusion et insertion&nbsp;\u00bb, \u00ab&nbsp;Sourire, joie, et confiance&nbsp;\u00bb,&nbsp; \u00ab&nbsp;D\u00e9sir de vivre ensemble&nbsp;\u00bb, \u00ab&nbsp;D\u00e9veloppement de la personne&nbsp;\u00bb, \u00ab&nbsp;Fraternit\u00e9&nbsp;dans la soci\u00e9t\u00e9&nbsp;\u00bb, \u00ab&nbsp;Partage et convivialit\u00e9&nbsp;\u00bb\u2026 &nbsp;Destin\u00e9e \u00e0 favoriser la rencontre, le centre du &#8220;Village des Fragilit\u00e9s&#8221; se transforme en une sc\u00e8ne avec \u00e9cran g\u00e9ant o\u00f9 se succ\u00e8dent des artistes, des chanteurs, des danseurs, mais aussi des t\u00e9moins et des moments de d\u00e9bats et de r\u00e9flexions. Lever le voile sur nos fragilit\u00e9s et d\u00e9couvrir combien elles sont une force\u2026 une chance pour l\u2019Humanit\u00e9, le temps d\u2019une journ\u00e9e \u00ab&nbsp;force-aimant humaine&nbsp;\u00bb&nbsp;! <\/p>\n\n\n\n<p class=\"has-medium-font-size\">Il fallait un moment fort et rayonnant pour venir cl\u00f4turer le festival \u00ab&nbsp;Printemps des Fragilit\u00e9s&nbsp;\u00bb. Aussi, les 66 associations du \u00ab&nbsp;Collectif Fragilit\u00e9s \u2013 Partage&nbsp;\u00bb ont  imagin\u00e9 l\u2019incroyable : se r\u00e9unir et cr\u00e9er le <strong>Village des Fragilit\u00e9s<\/strong>, le temps d\u2019une journ\u00e9e festive &#8211; le samedi 3 juillet 2021 &#8211; sur l\u2019\u00eele de Nantes. Handicaps, exclusions, maladies, mal-logement, addictions, difficult\u00e9s sociales, exil\u2026 le parcours qui vous est propos\u00e9 ne manque pas d\u2019occasions de s\u2019arr\u00eater, de s\u2019asseoir et de prendre le temps d\u2019\u00e9changer, de discuter. En un mot, de briser le silence et de sortir de l\u2019enfermement ou de l\u2019isolement.&nbsp;&nbsp; <\/p>\n\n\n\n<p class=\"has-medium-font-size\"><strong>Le 3 juillet 2021, l\u2019art de \u00ab&nbsp;jouer\u2026 fraternellement \u00bb&nbsp;! <\/strong><\/p>\n\n\n\n<p class=\"has-medium-font-size\">Gratuit, ouvert au public, de 11h \u00e0 22h en ce 3 juillet 2021 qui se veut haut en couleurs et en esp\u00e9rance, le <strong>Village des Fragilit\u00e9s<\/strong> vient dire et redire combien nous ne sommes pas seuls. Bien au contraire&nbsp;! Et que les raisons de croire en un monde meilleur sont l\u00e0. Le 3 juillet 2021 se veut, en effet, un moment en rupture dans ces &#8220;folles ann\u00e9es 2020&#8221; pour clamer haut et fort qu\u2019il est grand temps de r\u00e9fl\u00e9chir \u00e0 la place que tiennent nos fragilit\u00e9s dans nos vies, au quotidien. Pour affirmer combien la fraternit\u00e9 fait aussi partie \u00ab&nbsp;du jeu \u00e0 la nantaise&nbsp;\u00bb. Pour s\u2019ouvrir \u00e0 l\u2019Autre avec un grand A. Comme une parenth\u00e8se ouverte que l\u2019on ne voudrait plus refermer, le 3 juillet 2021 est enfin l\u2019occasion de d\u00e9couvrir combien <strong>nos fragilit\u00e9s peuvent devenir nos forces<\/strong> d\u00e8s lors que nous choisissons d\u2019\u0153uvrer ensemble. Le 3 juillet 2021&nbsp;: une date \u00e0 retenir, pour une f\u00eate marqu\u00e9e d\u2019une \u00e9nergie folle, et d\u00e9j\u00e0 tout un symbole\u2026 une ode \u00e0 l\u2019Humanit\u00e9, avec un grand H.&nbsp; &nbsp;<\/p>\n\n\n\n<figure class=\"wp-block-image size-large\"><img loading=\"lazy\" decoding=\"async\" width=\"1024\" height=\"725\" src=\"http:\/\/www.printempsdesfragilites.com\/wp-content\/uploads\/2021\/06\/IMG-20210617-WA0001-1024x725.jpg\" alt=\"\" class=\"wp-image-2523\" srcset=\"https:\/\/www.printempsdesfragilites.com\/wp-content\/uploads\/2021\/06\/IMG-20210617-WA0001-1024x725.jpg 1024w, https:\/\/www.printempsdesfragilites.com\/wp-content\/uploads\/2021\/06\/IMG-20210617-WA0001-300x212.jpg 300w, https:\/\/www.printempsdesfragilites.com\/wp-content\/uploads\/2021\/06\/IMG-20210617-WA0001-768x544.jpg 768w, https:\/\/www.printempsdesfragilites.com\/wp-content\/uploads\/2021\/06\/IMG-20210617-WA0001-1536x1088.jpg 1536w, https:\/\/www.printempsdesfragilites.com\/wp-content\/uploads\/2021\/06\/IMG-20210617-WA0001.jpg 1600w\" sizes=\"auto, (max-width: 1024px) 100vw, 1024px\" \/><\/figure>\n\n\n\n<h2 class=\"wp-block-heading\">La programmation ! <\/h2>\n\n\n\n<p class=\"has-medium-font-size\"><strong>&#8220;Place aux chorales et \u00e0 la musique&#8221;<\/strong>&#8230; avec : <strong>Au Clair de la Rue<\/strong>, chorale qui accompagne les personnes de la rue (11h et 16h30), <strong>Ichtus<\/strong>, incroyable groupe des quartiers nord de Nantes qui revisite les chansons populaires (12h et 20h30), <strong>AEDES Groupe G\u00e9n\u00e9ration<\/strong>, pour faire entendre la musique de rue compos\u00e9e par des jeunes (13h et 19h), <strong>Le &#8220;C\u0153ur de Br\u00e9t\u00e9ch\u00e9&#8221;<\/strong>, chorale de soignants, \u00e0 l\u2019heure de la pand\u00e9mie (13h30),  <strong>Fest\u2019Frat<\/strong>, chorale de jeunes issus de l\u2019immigration (20h), <strong>K\u2019Bossy, <\/strong>groupe malgache de musique traditionnelle (21h)<\/p>\n\n\n\n<p class=\"has-medium-font-size\"><strong>&#8220;Place aux t\u00e9moignages&#8221;<\/strong>&#8230;  avec :<strong> <\/strong> <strong><em>Philippe Pozzo di Borgo<\/em><\/strong>, entrepreneur devenu t\u00e9trapl\u00e9gique &#8211; dont la vie a notamment inspir\u00e9 le film&nbsp; <em>&#8220;Intouchables&#8221; <\/em>avec Omar Sy et Fran\u00e7ois Cluzet ; <strong><em>Xavier Emmanuelli<\/em><\/strong>, ancien ministre, cr\u00e9ateur du Samu-Social en France et \u00e0 l\u2019international, du N\u00b0115, de l\u2019association Les transmetteurs ; <strong><em>Dominique A<\/em><\/strong>, artiste nantais, Victoire de la musique en 2013, dont le dernier album porte le nom \u00f4 combien \u00e9vocateur \u00ab&nbsp;La Fragilit\u00e9&nbsp;\u00bb ; <strong>Fr\u00e9d\u00e9rique Bedos, <\/strong>journaliste, auteure de&nbsp;<em>La petite fille \u00e0 la balan\u00e7oire<\/em> et cr\u00e9atrice du Projet Imagine ; <strong>Pascal Brice, <\/strong>pr\u00e9sident de la F\u00e9d\u00e9ration des acteurs de la solidarit\u00e9 (FAS), ex-directeur de l\u2019OFPRA, auteur du livre <em>Sur le fil de l\u2019asile<\/em>&#8230; et de nombreux t\u00e9moins tout au long de la journ\u00e9e<\/p>\n\n\n\n<p class=\"has-medium-font-size\">&#8220;<span class=\"has-inline-color has-black-color\"><strong>Place aux associations&#8221; <\/strong>avec\u2026<strong> <\/strong><\/span><strong>25 petits chapiteaux<\/strong> organis\u00e9s en \u00eelots, chacun arborant une force, formant un arc en ciel de couleurs\u2026&nbsp; &nbsp;<\/p>\n\n\n\n<p class=\"has-medium-font-size\">&#8220;<strong>Place au th\u00e9\u00e2tre et \u00e0 la danse&#8221;<\/strong>\u2026 avec : <strong>Flashmob <\/strong>pour une chor\u00e9graphie collective (12h), <strong>Danse avec L\u2019Arche <\/strong>(13h), <strong>Le Cercle Karr\u00e9<\/strong>, spectacle propos\u00e9 par l\u2019ADAPEI &nbsp;(15h), <strong>&#8220;Voyage en Hollande&#8221;<\/strong>, mime avec des parents de personnes en situation de handicap (17h),  <strong>Danse avec ASFEAI <\/strong>(17h30)<\/p>\n\n\n\n<p class=\"has-medium-font-size\"><strong>&#8220;Place aux animations&#8221;<\/strong>&#8230; avec : des <strong><em>balades en jo\u00eblettes<\/em><\/strong> accessibles \u00e0 toute personne avec un handicap physique, <strong>les 7 Tipis du village de la bienveillance et plus de 11 outils seront pr\u00e9sents ce jour avec A\u00efcha Tarek<\/strong> pour d\u00e9velopper le mieux vivre ensemble, <strong>Remise des prix du Grand Jeu-Concours <\/strong>du Printemps des Fragilit\u00e9s par Dominique A (18h)<\/p>\n\n\n\n<p class=\"has-medium-font-size\"><strong>\u2026 et bien d\u2019autres choses et surprises encore \u00e0 d\u00e9couvrir et \u00e0 vivre, <\/strong>la programmation du Printemps des fragilit\u00e9s s\u2019affinant de jour en jour. Horaires donn\u00e9s \u00e0 titre indicatif. Journ\u00e9e festive dans le respect des gestes barri\u00e8re sanitaires en vigueur. <\/p>\n\n\n\n<div class=\"wp-block-group\"><div class=\"wp-block-group__inner-container is-layout-flow wp-block-group-is-layout-flow\">\n<div class=\"wp-block-columns is-layout-flex wp-container-core-columns-is-layout-9d6595d7 wp-block-columns-is-layout-flex\">\n<div class=\"wp-block-column is-layout-flow wp-block-column-is-layout-flow\" style=\"flex-basis:100%\">\n<p><strong>Et aussi\u2026<\/strong> <\/p>\n\n\n\n<p class=\"has-medium-font-size\"><strong>Des stands de cr\u00eapes et de boissons<\/strong> ouverts toute la journ\u00e9e, <strong>un coin librairie<\/strong> avec la mise en valeur d\u2019ouvrages sur le th\u00e8me des fragilit\u00e9s, <strong>un espace petit artisanat<\/strong> avec l\u2019exposition des cr\u00e9ations tout droit sorties de nos associations, <strong>un jardin bio <\/strong>anim\u00e9 par les Apprentis d\u2019Auteuil, <strong>la possibilit\u00e9 de prendre un repas le midi<\/strong> et de d\u00e9couvrir les associations Cuisine et cetera et l\u2019Autre Cantine <strong>et de d\u00eener en soir\u00e9e<\/strong> autour de la cuisine inventive imagin\u00e9e par l\u2019association RAPI<\/p>\n<\/div>\n<\/div>\n<\/div><\/div>\n","protected":false},"excerpt":{"rendered":"<p>\u00ab&nbsp;Lorsque nos fragilit\u00e9s deviennent nos forces\u2026 notre chance pour l\u2019Humanit\u00e9&nbsp;!&nbsp;\u00bb &nbsp; Bienvenue au \u00ab&nbsp;VILLAGE DES FRAGILITES&nbsp;\u00bb, village \u00e9ph\u00e9m\u00e8re, mont\u00e9 le temps d\u2019une journ\u00e9e festive sur le Parc des Machines de l\u2019\u00eele, de 11h \u00e0 22h, le 3 juillet 2021, en cl\u00f4ture du Printemps des Fragilit\u00e9s, le festival \u00ab&nbsp;Force \u2013 Aimant Humain&nbsp;!&nbsp;\u00bb Gr\u00e2ce \u00e0 l\u2019incroyable \u00e9nergie [&hellip;]<\/p>\n","protected":false},"author":1,"featured_media":0,"parent":0,"menu_order":0,"comment_status":"closed","ping_status":"closed","template":"","meta":{"footnotes":""},"class_list":["post-424","page","type-page","status-publish","hentry"],"_links":{"self":[{"href":"https:\/\/www.printempsdesfragilites.com\/index.php\/wp-json\/wp\/v2\/pages\/424","targetHints":{"allow":["GET"]}}],"collection":[{"href":"https:\/\/www.printempsdesfragilites.com\/index.php\/wp-json\/wp\/v2\/pages"}],"about":[{"href":"https:\/\/www.printempsdesfragilites.com\/index.php\/wp-json\/wp\/v2\/types\/page"}],"author":[{"embeddable":true,"href":"https:\/\/www.printempsdesfragilites.com\/index.php\/wp-json\/wp\/v2\/users\/1"}],"replies":[{"embeddable":true,"href":"https:\/\/www.printempsdesfragilites.com\/index.php\/wp-json\/wp\/v2\/comments?post=424"}],"version-history":[{"count":32,"href":"https:\/\/www.printempsdesfragilites.com\/index.php\/wp-json\/wp\/v2\/pages\/424\/revisions"}],"predecessor-version":[{"id":2583,"href":"https:\/\/www.printempsdesfragilites.com\/index.php\/wp-json\/wp\/v2\/pages\/424\/revisions\/2583"}],"wp:attachment":[{"href":"https:\/\/www.printempsdesfragilites.com\/index.php\/wp-json\/wp\/v2\/media?parent=424"}],"curies":[{"name":"wp","href":"https:\/\/api.w.org\/{rel}","templated":true}]}}